{"id":439,"date":"2023-07-10T15:00:36","date_gmt":"2023-07-10T13:00:36","guid":{"rendered":"https:\/\/aljf-amberieu.fr\/?page_id=439"},"modified":"2023-07-24T15:10:47","modified_gmt":"2023-07-24T13:10:47","slug":"les-salles","status":"publish","type":"page","link":"https:\/\/aljf-amberieu.fr\/index.php\/les-salles\/","title":{"rendered":"Les salles"},"content":{"rendered":"\t\t<div data-elementor-type=\"wp-page\" data-elementor-id=\"439\" class=\"elementor elementor-439\">\n\t\t\t\t\t\t<section class=\"elementor-section elementor-top-section elementor-element elementor-element-0cef10b elementor-section-boxed elementor-section-height-default elementor-section-height-default\" data-id=\"0cef10b\" data-element_type=\"section\">\n\t\t\t\t\t\t<div class=\"elementor-container elementor-column-gap-default\">\n\t\t\t\t\t<div class=\"elementor-column elementor-col-100 elementor-top-column elementor-element elementor-element-bb7592f\" data-id=\"bb7592f\" data-element_type=\"column\">\n\t\t\t<div class=\"elementor-widget-wrap elementor-element-populated\">\n\t\t\t\t\t\t<div class=\"elementor-element elementor-element-da09778 elementor-widget elementor-widget-text-editor\" data-id=\"da09778\" data-element_type=\"widget\" data-widget_type=\"text-editor.default\">\n\t\t\t\t<div class=\"elementor-widget-container\">\n\t\t\t\t\t\t\t\t\t<p>L\u2019 ALJF dispose de deux gymnases.<\/p>\t\t\t\t\t\t\t\t<\/div>\n\t\t\t\t<\/div>\n\t\t\t\t<div class=\"elementor-element elementor-element-1c1aa28 elementor-widget elementor-widget-image\" data-id=\"1c1aa28\" data-element_type=\"widget\" data-widget_type=\"image.default\">\n\t\t\t\t<div class=\"elementor-widget-container\">\n\t\t\t\t\t\t\t\t\t\t\t\t\t\t\t<img decoding=\"async\" width=\"300\" height=\"150\" src=\"https:\/\/aljf-amberieu.fr\/wp-content\/uploads\/2023\/07\/bel1-e1690203885345-300x150.jpg\" class=\"attachment-medium size-medium wp-image-910\" alt=\"\" srcset=\"https:\/\/aljf-amberieu.fr\/wp-content\/uploads\/2023\/07\/bel1-e1690203885345-300x150.jpg 300w, https:\/\/aljf-amberieu.fr\/wp-content\/uploads\/2023\/07\/bel1-e1690203885345-24x12.jpg 24w, https:\/\/aljf-amberieu.fr\/wp-content\/uploads\/2023\/07\/bel1-e1690203885345-36x18.jpg 36w, https:\/\/aljf-amberieu.fr\/wp-content\/uploads\/2023\/07\/bel1-e1690203885345-48x24.jpg 48w, https:\/\/aljf-amberieu.fr\/wp-content\/uploads\/2023\/07\/bel1-e1690203885345.jpg 372w\" sizes=\"(max-width: 300px) 100vw, 300px\" \/>\t\t\t\t\t\t\t\t\t\t\t\t\t\t\t<\/div>\n\t\t\t\t<\/div>\n\t\t\t\t<div class=\"elementor-element elementor-element-280556a elementor-widget elementor-widget-text-editor\" data-id=\"280556a\" data-element_type=\"widget\" data-widget_type=\"text-editor.default\">\n\t\t\t\t<div class=\"elementor-widget-container\">\n\t\t\t\t\t\t\t\t\t<p style=\"text-align: justify;\">Le plus r\u00e9cent, la salle Charlotte Duclos, est situ\u00e9 dans le gymnase municipal Belli\u00e8vre. Il date de 1997. Il s\u2019agit d\u2019une salle sp\u00e9cialis\u00e9e GAF pour la partie occup\u00e9e par l\u2019amicale.<\/p><p style=\"text-align: justify;\">Ici s\u2019entra\u00eene la GAF, la GAC, le Team Gym, la petite enfance<\/p>\t\t\t\t\t\t\t\t<\/div>\n\t\t\t\t<\/div>\n\t\t\t\t<div class=\"elementor-element elementor-element-2dd3ee4 elementor-widget elementor-widget-image\" data-id=\"2dd3ee4\" data-element_type=\"widget\" data-widget_type=\"image.default\">\n\t\t\t\t<div class=\"elementor-widget-container\">\n\t\t\t\t\t\t\t\t\t\t\t\t\t\t\t<img fetchpriority=\"high\" decoding=\"async\" width=\"331\" height=\"186\" src=\"https:\/\/aljf-amberieu.fr\/wp-content\/uploads\/2023\/07\/bel2-e1690202481283.jpg\" class=\"attachment-large size-large wp-image-911\" alt=\"\" srcset=\"https:\/\/aljf-amberieu.fr\/wp-content\/uploads\/2023\/07\/bel2-e1690202481283.jpg 331w, https:\/\/aljf-amberieu.fr\/wp-content\/uploads\/2023\/07\/bel2-e1690202481283-300x169.jpg 300w, https:\/\/aljf-amberieu.fr\/wp-content\/uploads\/2023\/07\/bel2-e1690202481283-24x13.jpg 24w, https:\/\/aljf-amberieu.fr\/wp-content\/uploads\/2023\/07\/bel2-e1690202481283-36x20.jpg 36w, https:\/\/aljf-amberieu.fr\/wp-content\/uploads\/2023\/07\/bel2-e1690202481283-48x27.jpg 48w\" sizes=\"(max-width: 331px) 100vw, 331px\" \/>\t\t\t\t\t\t\t\t\t\t\t\t\t\t\t<\/div>\n\t\t\t\t<\/div>\n\t\t\t\t<div class=\"elementor-element elementor-element-99bfb93 elementor-widget elementor-widget-image\" data-id=\"99bfb93\" data-element_type=\"widget\" data-widget_type=\"image.default\">\n\t\t\t\t<div class=\"elementor-widget-container\">\n\t\t\t\t\t\t\t\t\t\t\t\t\t\t\t<img decoding=\"async\" width=\"272\" height=\"187\" src=\"https:\/\/aljf-amberieu.fr\/wp-content\/uploads\/2023\/07\/cyv1-e1690202468407.jpg\" class=\"attachment-large size-large wp-image-912\" alt=\"\" srcset=\"https:\/\/aljf-amberieu.fr\/wp-content\/uploads\/2023\/07\/cyv1-e1690202468407.jpg 272w, https:\/\/aljf-amberieu.fr\/wp-content\/uploads\/2023\/07\/cyv1-e1690202468407-24x17.jpg 24w, https:\/\/aljf-amberieu.fr\/wp-content\/uploads\/2023\/07\/cyv1-e1690202468407-36x25.jpg 36w, https:\/\/aljf-amberieu.fr\/wp-content\/uploads\/2023\/07\/cyv1-e1690202468407-48x33.jpg 48w\" sizes=\"(max-width: 272px) 100vw, 272px\" \/>\t\t\t\t\t\t\t\t\t\t\t\t\t\t\t<\/div>\n\t\t\t\t<\/div>\n\t\t\t\t<div class=\"elementor-element elementor-element-21e7a8a elementor-widget elementor-widget-text-editor\" data-id=\"21e7a8a\" data-element_type=\"widget\" data-widget_type=\"text-editor.default\">\n\t\t\t\t<div class=\"elementor-widget-container\">\n\t\t\t\t\t\t\t\t\t<p style=\"text-align: justify;\">Un autre gymnase est situ\u00e9 40 avenue du g\u00e9n\u00e9ral Sarrail. Il est la propri\u00e9t\u00e9 de l\u2019amicale. Constitu\u00e9 de deux salles, il accueille les entra\u00eenements de GR, et les s\u00e9ances de gym pour adultes. Il sert \u00e9galement en d\u00e9pannage \u00e0 assurer les entra\u00eenements lorsque la salle Charlotte Duclos n\u2019est pas disponible. Baptis\u00e9 Salle Ren\u00e9 Cyvoct en 2013 en l\u2019hommage \u00e0 son ancien secr\u00e9taire, b\u00e9n\u00e9vole pendant 46 ans.<\/p>\t\t\t\t\t\t\t\t<\/div>\n\t\t\t\t<\/div>\n\t\t\t\t\t<\/div>\n\t\t<\/div>\n\t\t\t\t\t<\/div>\n\t\t<\/section>\n\t\t\t\t<section class=\"elementor-section elementor-top-section elementor-element elementor-element-1fbc165 elementor-section-boxed elementor-section-height-default elementor-section-height-default\" data-id=\"1fbc165\" data-element_type=\"section\">\n\t\t\t\t\t\t<div class=\"elementor-container elementor-column-gap-default\">\n\t\t\t\t\t<div class=\"elementor-column elementor-col-100 elementor-top-column elementor-element elementor-element-cc0208c\" data-id=\"cc0208c\" data-element_type=\"column\">\n\t\t\t<div class=\"elementor-widget-wrap elementor-element-populated\">\n\t\t\t\t\t\t<div class=\"elementor-element elementor-element-ad67d43 elementor-widget__width-initial elementor-widget elementor-widget-image\" data-id=\"ad67d43\" data-element_type=\"widget\" data-widget_type=\"image.default\">\n\t\t\t\t<div class=\"elementor-widget-container\">\n\t\t\t\t\t\t\t\t\t\t\t\t\t\t\t<img loading=\"lazy\" decoding=\"async\" width=\"273\" height=\"185\" src=\"https:\/\/aljf-amberieu.fr\/wp-content\/uploads\/2023\/07\/cyv2-e1690202458374.jpg\" class=\"attachment-large size-large wp-image-913\" alt=\"\" srcset=\"https:\/\/aljf-amberieu.fr\/wp-content\/uploads\/2023\/07\/cyv2-e1690202458374.jpg 273w, https:\/\/aljf-amberieu.fr\/wp-content\/uploads\/2023\/07\/cyv2-e1690202458374-24x16.jpg 24w, https:\/\/aljf-amberieu.fr\/wp-content\/uploads\/2023\/07\/cyv2-e1690202458374-36x24.jpg 36w, https:\/\/aljf-amberieu.fr\/wp-content\/uploads\/2023\/07\/cyv2-e1690202458374-48x33.jpg 48w\" sizes=\"(max-width: 273px) 100vw, 273px\" \/>\t\t\t\t\t\t\t\t\t\t\t\t\t\t\t<\/div>\n\t\t\t\t<\/div>\n\t\t\t\t<div class=\"elementor-element elementor-element-b48c454 elementor-widget__width-initial elementor-widget elementor-widget-image\" data-id=\"b48c454\" data-element_type=\"widget\" data-widget_type=\"image.default\">\n\t\t\t\t<div class=\"elementor-widget-container\">\n\t\t\t\t\t\t\t\t\t\t\t\t\t\t\t<img loading=\"lazy\" decoding=\"async\" width=\"268\" height=\"181\" src=\"https:\/\/aljf-amberieu.fr\/wp-content\/uploads\/2023\/07\/cyv3-e1690202440219.jpg\" class=\"attachment-large size-large wp-image-914\" alt=\"\" srcset=\"https:\/\/aljf-amberieu.fr\/wp-content\/uploads\/2023\/07\/cyv3-e1690202440219.jpg 268w, https:\/\/aljf-amberieu.fr\/wp-content\/uploads\/2023\/07\/cyv3-e1690202440219-24x16.jpg 24w, https:\/\/aljf-amberieu.fr\/wp-content\/uploads\/2023\/07\/cyv3-e1690202440219-36x24.jpg 36w, https:\/\/aljf-amberieu.fr\/wp-content\/uploads\/2023\/07\/cyv3-e1690202440219-48x32.jpg 48w\" sizes=\"(max-width: 268px) 100vw, 268px\" \/>\t\t\t\t\t\t\t\t\t\t\t\t\t\t\t<\/div>\n\t\t\t\t<\/div>\n\t\t\t\t<div class=\"elementor-element elementor-element-af5a244 elementor-widget__width-initial elementor-widget elementor-widget-image\" data-id=\"af5a244\" data-element_type=\"widget\" data-widget_type=\"image.default\">\n\t\t\t\t<div class=\"elementor-widget-container\">\n\t\t\t\t\t\t\t\t\t\t\t\t\t\t\t<img loading=\"lazy\" decoding=\"async\" width=\"266\" height=\"183\" src=\"https:\/\/aljf-amberieu.fr\/wp-content\/uploads\/2023\/07\/cyv4-e1690202357179.jpg\" class=\"attachment-large size-large wp-image-915\" alt=\"\" srcset=\"https:\/\/aljf-amberieu.fr\/wp-content\/uploads\/2023\/07\/cyv4-e1690202357179.jpg 266w, https:\/\/aljf-amberieu.fr\/wp-content\/uploads\/2023\/07\/cyv4-e1690202357179-24x17.jpg 24w, https:\/\/aljf-amberieu.fr\/wp-content\/uploads\/2023\/07\/cyv4-e1690202357179-36x25.jpg 36w, https:\/\/aljf-amberieu.fr\/wp-content\/uploads\/2023\/07\/cyv4-e1690202357179-48x33.jpg 48w\" sizes=\"(max-width: 266px) 100vw, 266px\" \/>\t\t\t\t\t\t\t\t\t\t\t\t\t\t\t<\/div>\n\t\t\t\t<\/div>\n\t\t\t\t\t<\/div>\n\t\t<\/div>\n\t\t\t\t\t<\/div>\n\t\t<\/section>\n\t\t\t\t<section class=\"elementor-section elementor-top-section elementor-element elementor-element-d5c1eef elementor-section-boxed elementor-section-height-default elementor-section-height-default\" data-id=\"d5c1eef\" data-element_type=\"section\">\n\t\t\t\t\t\t<div class=\"elementor-container elementor-column-gap-default\">\n\t\t\t\t\t<div class=\"elementor-column elementor-col-100 elementor-top-column elementor-element elementor-element-84e691b\" data-id=\"84e691b\" data-element_type=\"column\">\n\t\t\t<div class=\"elementor-widget-wrap\">\n\t\t\t\t\t\t\t<\/div>\n\t\t<\/div>\n\t\t\t\t\t<\/div>\n\t\t<\/section>\n\t\t\t\t<section class=\"elementor-section elementor-top-section elementor-element elementor-element-0e77e6e elementor-section-boxed elementor-section-height-default elementor-section-height-default\" data-id=\"0e77e6e\" data-element_type=\"section\">\n\t\t\t\t\t\t<div class=\"elementor-container elementor-column-gap-default\">\n\t\t\t\t\t<div class=\"elementor-column elementor-col-100 elementor-top-column elementor-element elementor-element-0e6f254\" data-id=\"0e6f254\" data-element_type=\"column\">\n\t\t\t<div class=\"elementor-widget-wrap\">\n\t\t\t\t\t\t\t<\/div>\n\t\t<\/div>\n\t\t\t\t\t<\/div>\n\t\t<\/section>\n\t\t\t\t<section class=\"elementor-section elementor-top-section elementor-element elementor-element-29b6241 elementor-section-boxed elementor-section-height-default elementor-section-height-default\" data-id=\"29b6241\" data-element_type=\"section\">\n\t\t\t\t\t\t<div class=\"elementor-container elementor-column-gap-default\">\n\t\t\t\t\t<div class=\"elementor-column elementor-col-100 elementor-top-column elementor-element elementor-element-10fe053\" data-id=\"10fe053\" data-element_type=\"column\">\n\t\t\t<div class=\"elementor-widget-wrap\">\n\t\t\t\t\t\t\t<\/div>\n\t\t<\/div>\n\t\t\t\t\t<\/div>\n\t\t<\/section>\n\t\t\t\t<\/div>\n\t\t","protected":false},"excerpt":{"rendered":"<p>L\u2019 ALJF dispose de deux gymnases. Le plus r\u00e9cent, la salle Charlotte Duclos, est situ\u00e9 dans le gymnase municipal Belli\u00e8vre. Il date de 1997. Il s\u2019agit d\u2019une salle sp\u00e9cialis\u00e9e GAF [&hellip;]<\/p>\n","protected":false},"author":1,"featured_media":0,"parent":0,"menu_order":0,"comment_status":"closed","ping_status":"closed","template":"","meta":{"ocean_post_layout":"","ocean_both_sidebars_style":"","ocean_both_sidebars_content_width":0,"ocean_both_sidebars_sidebars_width":0,"ocean_sidebar":"0","ocean_second_sidebar":"0","ocean_disable_margins":"enable","ocean_add_body_class":"","ocean_shortcode_before_top_bar":"","ocean_shortcode_after_top_bar":"","ocean_shortcode_before_header":"","ocean_shortcode_after_header":"","ocean_has_shortcode":"","ocean_shortcode_after_title":"","ocean_shortcode_before_footer_widgets":"","ocean_shortcode_after_footer_widgets":"","ocean_shortcode_before_footer_bottom":"","ocean_shortcode_after_footer_bottom":"","ocean_display_top_bar":"default","ocean_display_header":"default","ocean_header_style":"","ocean_center_header_left_menu":"0","ocean_custom_header_template":"0","ocean_custom_logo":0,"ocean_custom_retina_logo":0,"ocean_custom_logo_max_width":0,"ocean_custom_logo_tablet_max_width":0,"ocean_custom_logo_mobile_max_width":0,"ocean_custom_logo_max_height":0,"ocean_custom_logo_tablet_max_height":0,"ocean_custom_logo_mobile_max_height":0,"ocean_header_custom_menu":"0","ocean_menu_typo_font_family":"0","ocean_menu_typo_font_subset":"","ocean_menu_typo_font_size":0,"ocean_menu_typo_font_size_tablet":0,"ocean_menu_typo_font_size_mobile":0,"ocean_menu_typo_font_size_unit":"px","ocean_menu_typo_font_weight":"","ocean_menu_typo_font_weight_tablet":"","ocean_menu_typo_font_weight_mobile":"","ocean_menu_typo_transform":"","ocean_menu_typo_transform_tablet":"","ocean_menu_typo_transform_mobile":"","ocean_menu_typo_line_height":0,"ocean_menu_typo_line_height_tablet":0,"ocean_menu_typo_line_height_mobile":0,"ocean_menu_typo_line_height_unit":"","ocean_menu_typo_spacing":0,"ocean_menu_typo_spacing_tablet":0,"ocean_menu_typo_spacing_mobile":0,"ocean_menu_typo_spacing_unit":"","ocean_menu_link_color":"","ocean_menu_link_color_hover":"","ocean_menu_link_color_active":"","ocean_menu_link_background":"","ocean_menu_link_hover_background":"","ocean_menu_link_active_background":"","ocean_menu_social_links_bg":"","ocean_menu_social_hover_links_bg":"","ocean_menu_social_links_color":"","ocean_menu_social_hover_links_color":"","ocean_disable_title":"default","ocean_disable_heading":"default","ocean_post_title":"","ocean_post_subheading":"","ocean_post_title_style":"","ocean_post_title_background_color":"","ocean_post_title_background":0,"ocean_post_title_bg_image_position":"","ocean_post_title_bg_image_attachment":"","ocean_post_title_bg_image_repeat":"","ocean_post_title_bg_image_size":"","ocean_post_title_height":0,"ocean_post_title_bg_overlay":0.5,"ocean_post_title_bg_overlay_color":"","ocean_disable_breadcrumbs":"default","ocean_breadcrumbs_color":"","ocean_breadcrumbs_separator_color":"","ocean_breadcrumbs_links_color":"","ocean_breadcrumbs_links_hover_color":"","ocean_display_footer_widgets":"default","ocean_display_footer_bottom":"default","ocean_custom_footer_template":"0","footnotes":""},"class_list":["post-439","page","type-page","status-publish","hentry","entry"],"aioseo_notices":[],"_links":{"self":[{"href":"https:\/\/aljf-amberieu.fr\/index.php\/wp-json\/wp\/v2\/pages\/439","targetHints":{"allow":["GET"]}}],"collection":[{"href":"https:\/\/aljf-amberieu.fr\/index.php\/wp-json\/wp\/v2\/pages"}],"about":[{"href":"https:\/\/aljf-amberieu.fr\/index.php\/wp-json\/wp\/v2\/types\/page"}],"author":[{"embeddable":true,"href":"https:\/\/aljf-amberieu.fr\/index.php\/wp-json\/wp\/v2\/users\/1"}],"replies":[{"embeddable":true,"href":"https:\/\/aljf-amberieu.fr\/index.php\/wp-json\/wp\/v2\/comments?post=439"}],"version-history":[{"count":19,"href":"https:\/\/aljf-amberieu.fr\/index.php\/wp-json\/wp\/v2\/pages\/439\/revisions"}],"predecessor-version":[{"id":925,"href":"https:\/\/aljf-amberieu.fr\/index.php\/wp-json\/wp\/v2\/pages\/439\/revisions\/925"}],"wp:attachment":[{"href":"https:\/\/aljf-amberieu.fr\/index.php\/wp-json\/wp\/v2\/media?parent=439"}],"curies":[{"name":"wp","href":"https:\/\/api.w.org\/{rel}","templated":true}]}}