{"id":4650,"date":"2025-06-24T16:38:35","date_gmt":"2025-06-24T14:38:35","guid":{"rendered":"https:\/\/aljf-amberieu.fr\/?page_id=4650"},"modified":"2026-05-07T13:19:23","modified_gmt":"2026-05-07T11:19:23","slug":"gaf-25","status":"publish","type":"page","link":"https:\/\/aljf-amberieu.fr\/index.php\/gaf-25\/","title":{"rendered":"GAF 25"},"content":{"rendered":"\t\t<div data-elementor-type=\"wp-page\" data-elementor-id=\"4650\" class=\"elementor elementor-4650\">\n\t\t\t\t\t\t<section class=\"elementor-section elementor-top-section elementor-element elementor-element-57a9f5e1 elementor-section-boxed elementor-section-height-default elementor-section-height-default\" data-id=\"57a9f5e1\" data-element_type=\"section\">\n\t\t\t\t\t\t<div class=\"elementor-container elementor-column-gap-default\">\n\t\t\t\t\t<div class=\"elementor-column elementor-col-100 elementor-top-column elementor-element elementor-element-6c9ac5f6\" data-id=\"6c9ac5f6\" data-element_type=\"column\">\n\t\t\t<div class=\"elementor-widget-wrap elementor-element-populated\">\n\t\t\t\t\t\t<div class=\"elementor-element elementor-element-55d1de10 elementor-widget elementor-widget-text-editor\" data-id=\"55d1de10\" data-element_type=\"widget\" data-widget_type=\"text-editor.default\">\n\t\t\t\t<div class=\"elementor-widget-container\">\n\t\t\t\t\t\t\t\t\t<p>\u00a0<\/p><p>R\u00e9gion Indiv perf poussine<\/p><p>En Reg 7 ans\u00a0:<br \/>* Elyana: 22\u00e8me \/ 30<br \/>En Reg 9 ans\u00a0:<br \/>* Lya: 53\u00e8me \/ 59<br \/>* Th\u00e9a: 54\u00e8me \/ 59<br \/>* Rose: 51\u00e8me \/ 59<\/p><p>R\u00e9gion Equipe Perf<\/p><p>En Reg 10\/13 : 9\u00e8me \/\u00a011<\/p><p>InterDep Indiv<\/p><p>En Performance r\u00e9gionale 10-11 ans:<br \/>*Nora 19\u00e8me \/ 24<br \/>*L\u00e9ane 17\u00e8me \/ 24<br \/>En Performance r\u00e9gionale 12-13 ans:<br \/>*L\u00e9a-Rose 8\u00e8me \/ 33<br \/>En Performance r\u00e9gionale 14-15 ans:<br \/>*Yuna 45eme \/ 55<br \/>*Lou-Anne 41\u00e8me \/ 55<br \/>En Performance nationale 16 ans:<br \/>*Loriane 16\u00e8me \/ 20<\/p><p>Tournois Viriat<\/p><p>En Fed B 7\/9: <br \/>*Ermina, Anae, Stacy, Selena, Lavina: 9 \/ 13<br \/>En Fed B 10\/13:<br \/>*Lo\u00efse,Ma\u00e9liyne, Irina, Sofia, Milla\u00a0: 22 \/ 23<br \/>*In\u00e8s, Charly, C\u00e9lya, S\u00e9l\u00e9na\u00a0: 17 \/ 23<br \/>En Fed B10+:<br \/>*Ma\u00eblane, L\u00e9ane, Romane, Eloane, Loriane: 6 \/ 6<br \/>En Fed B+ 10\/13\u00a0:<br \/>*Agathe, Maira, Mia, Zo\u00e9, Romy\u00a0: 8 \/ 8<br \/>*Cassilya, Jeanne, Elo\u00efse, Lou G, Manon\u00a0: 5 \/ 8<\/p><p>En Fed B+ 10+:<br \/>*Lilou F, Lou C, L\u00e9a,Tess, Aelys\u00a0: 11 \/ 3<br \/>*Eva, Lilou C, L\u00e9onie, Juliette, L\u00e9na\u00a0: 6 \/ 13<\/p><p>Inter Dep Equipe Perf<\/p><p>En Reg 10 et +: 7\u00e8me \/\u00a011<br \/>En Reg 10\/13 : 2\u00e8me \/\u00a03<br \/>Inter Dep indiv<\/p><p>En f\u00e9d\u00e9ral A1 10-11 ans\u00a0:<br \/>*\u00a0Chlo\u00e9 38\u00e8me \/\u00a049<br \/>*\u00a0Ciana 34\u00e8me \/\u00a0 49<br \/>*\u00a0Margaux 43\u00e8me \/\u00a0 49<br \/>*\u00a0Lio 26\u00e8me \/\u00a0 49<br \/>*\u00a0L\u00e9anne 45\u00e8me \/\u00a0 49<br \/>En f\u00e9d\u00e9ral A1 12-13 ans\u00a0:<br \/>*\u00a0\u00c9lo\u00efse 23\u00e8me\u00a0 \/\u00a055<br \/>*\u00a0Jeanne 50\u00e8me \/\u00a055<br \/>*\u00a0Eva 32\u00e8me \/\u00a055<br \/>*\u00a0Cassilya 30\u00e8me \/\u00a055<br \/>*\u00a0Lou 29\u00e8me \/\u00a055<br \/>*\u00a0Manon 49\u00e8me \/\u00a055<br \/>*\u00a0Ana\u00efs 48\u00e8me \/\u00a055<br \/>En f\u00e9d\u00e9ral A1 14 ans et +\u00a0:<br \/>*\u00a0Lilou 21\u00e8me \/\u00a039<br \/>*\u00a0Juliette 29\u00e8me \/ 39<br \/>*\u00a0L\u00e9a 28\u00e8me \/\u00a0 39<br \/>*\u00a0Tess 39\u00e8me \/\u00a0 39<br \/>*\u00a0L\u00e9onie 24\u00e8me \/\u00a039<\/p><p>InterDep Indiv perf poussine<\/p><p>En Reg 7 ans\u00a0:<br \/>* Elyana: 12\u00e8me \/ 25<br \/>* Aelys: 15\u00e8me \/ 25<br \/>*Auxana: 20\u00e8me \/ 25<br \/>En Reg 8 ans\u00a0:<br \/>* Lena: 16\u00e8me \/ 23<br \/>* Olivia: 20\u00e8me \/ 23<br \/>En Reg 9 ans\u00a0:<br \/>* Lya: 19\u00e8me \/ 31<br \/>* Th\u00e9a: 14\u00e8me \/ 31<br \/>* Eliha: 16\u00e8me \/ 31<br \/>* Rose: 22\u00e8me \/ 31<br \/>InterDep Indiv<\/p><p>En Performance r\u00e9gionale 10-11 ans:<br \/>*Nora 4\u00e8me<br \/>*L\u00e9ane 7\u00e8me<br \/>En Performance r\u00e9gionale 12-13 ans:<br \/>*L\u00e9a-Rose 11\u00e8me<br \/>En Performance r\u00e9gionale 14-15 ans:<br \/>*Yuna 16eme<br \/>*Lou-Anne 20\u00e8me<br \/>En Performance nationale 16 ans:<br \/>*Loriane 6\u00e8me<br \/>En Performance nationale 18-20 ans:<br \/>*No\u00e9mie 13eme<\/p><p>Dep Equipe<\/p><p>*En f\u00e9d\u00e9ral A1 8-9 ans\u00a0: 3\u00e8me \/ 4\u00a0<br \/>*En f\u00e9d\u00e9ral A1 10-11 ans\u00a0: 1\u00e8re \/ 4<br \/>*En f\u00e9d\u00e9ral A1 10-13 ans\u00a0: 5\u00e8me \/ 8<br \/>*Reg 7\/8 ans: 3\u00e8me \/ 4<br \/>*Reg 7\/9 ans : 8\u00e8me\/ 8<br \/>Dep Indiv perf poussine<\/p><p>En Reg 7 ans\u00a0:<br \/>* Elyana: 9\u00e8me \/ 21<br \/>* Aelys: 15\u00e8me \/ 21<br \/>*Auxana: 16\u00e8me \/ 21<br \/>En Reg 8 ans\u00a0:<br \/>* Lena: 13\u00e8me \/ 21<br \/>* Olivia: 18\u00e8me \/ 21<br \/>En Reg 9 ans\u00a0:<br \/>* Lya: 14\u00e8me \/ 22<br \/>* Th\u00e9a: 15\u00e8me \/ 22<br \/>* Eliha: 18\u00e8me \/ 22<br \/>Dep indiv<\/p><p>En f\u00e9d\u00e9ral A1 10-11 ans\u00a0:<br \/>*\u00a0Chlo\u00e9 6\u00e8me \/\u00a018<br \/>*\u00a0Ciana 10\u00e8me \/\u00a018<br \/>*\u00a0Margaux 12\u00e8me \/\u00a018<br \/>*\u00a0Lio 15\u00e8me \/\u00a018<br \/>*\u00a0L\u00e9anne 16\u00e8me \/\u00a018<br \/>En f\u00e9d\u00e9ral A1 12-13 ans\u00a0:<br \/>*\u00a0\u00c9lo\u00efse 8\u00e8me\u00a0 \/\u00a021<br \/>*\u00a0Jeanne 15\u00e8me \/\u00a021<br \/>*\u00a0Eva 17\u00e8me \/\u00a021<br \/>*\u00a0Cassilya 18\u00e8me \/\u00a021<br \/>*\u00a0Lou 19\u00e8me \/\u00a021<br \/>*\u00a0Manon 20\u00e8me \/\u00a021<br \/>*\u00a0Ana\u00efs 21\u00e8me \/\u00a021<br \/>En f\u00e9d\u00e9ral A1 14 ans et +\u00a0:<br \/>*\u00a0Lilou 10\u00e8me \/\u00a015<br \/>*\u00a0Juliette 12\u00e8me \/\u00a015<br \/>*\u00a0L\u00e9a 13\u00e8me \/\u00a015<br \/>*\u00a0Tess 14\u00e8me \/\u00a015<br \/>*\u00a0L\u00e9onie 15\u00e8me \/\u00a015<br \/>En performance r\u00e9gionale 10-11 ans\u00a0:<br \/>*\u00a0Nora 2\u00e8me \/ 5<br \/>*\u00a0L\u00e9ane 5\u00e8me\u00a0\/ 5<br \/>En performance r\u00e9gionale 12-13 ans\u00a0:<br \/>*\u00a0L\u00e9a-Rose 3\u00e8me \/\u00a07<br \/>En performance r\u00e9gionale 14-15 ans\u00a0:<br \/>*\u00a0Lou-Anne 6\u00e8me \/\u00a011<br \/>*\u00a0Yuna 9\u00e8me \/\u00a011<br \/>En performance nationale 16 ans\u00a0:<br \/>*\u00a0Loriane 4\u00e8me\u00a0\/ 4<\/p>\t\t\t\t\t\t\t\t<\/div>\n\t\t\t\t<\/div>\n\t\t\t\t\t<\/div>\n\t\t<\/div>\n\t\t\t\t\t<\/div>\n\t\t<\/section>\n\t\t\t\t<\/div>\n\t\t","protected":false},"excerpt":{"rendered":"<p>\u00a0 R\u00e9gion Indiv perf poussine En Reg 7 ans\u00a0:* Elyana: 22\u00e8me \/ 30En Reg 9 ans\u00a0:* Lya: 53\u00e8me \/ 59* Th\u00e9a: 54\u00e8me \/ 59* Rose: 51\u00e8me \/ 59 R\u00e9gion Equipe [&hellip;]<\/p>\n","protected":false},"author":2,"featured_media":0,"parent":0,"menu_order":0,"comment_status":"closed","ping_status":"closed","template":"","meta":{"ocean_post_layout":"","ocean_both_sidebars_style":"","ocean_both_sidebars_content_width":0,"ocean_both_sidebars_sidebars_width":0,"ocean_sidebar":"0","ocean_second_sidebar":"0","ocean_disable_margins":"enable","ocean_add_body_class":"","ocean_shortcode_before_top_bar":"","ocean_shortcode_after_top_bar":"","ocean_shortcode_before_header":"","ocean_shortcode_after_header":"","ocean_has_shortcode":"","ocean_shortcode_after_title":"","ocean_shortcode_before_footer_widgets":"","ocean_shortcode_after_footer_widgets":"","ocean_shortcode_before_footer_bottom":"","ocean_shortcode_after_footer_bottom":"","ocean_display_top_bar":"default","ocean_display_header":"default","ocean_header_style":"","ocean_center_header_left_menu":"0","ocean_custom_header_template":"0","ocean_custom_logo":0,"ocean_custom_retina_logo":0,"ocean_custom_logo_max_width":0,"ocean_custom_logo_tablet_max_width":0,"ocean_custom_logo_mobile_max_width":0,"ocean_custom_logo_max_height":0,"ocean_custom_logo_tablet_max_height":0,"ocean_custom_logo_mobile_max_height":0,"ocean_header_custom_menu":"0","ocean_menu_typo_font_family":"0","ocean_menu_typo_font_subset":"","ocean_menu_typo_font_size":0,"ocean_menu_typo_font_size_tablet":0,"ocean_menu_typo_font_size_mobile":0,"ocean_menu_typo_font_size_unit":"px","ocean_menu_typo_font_weight":"","ocean_menu_typo_font_weight_tablet":"","ocean_menu_typo_font_weight_mobile":"","ocean_menu_typo_transform":"","ocean_menu_typo_transform_tablet":"","ocean_menu_typo_transform_mobile":"","ocean_menu_typo_line_height":0,"ocean_menu_typo_line_height_tablet":0,"ocean_menu_typo_line_height_mobile":0,"ocean_menu_typo_line_height_unit":"","ocean_menu_typo_spacing":0,"ocean_menu_typo_spacing_tablet":0,"ocean_menu_typo_spacing_mobile":0,"ocean_menu_typo_spacing_unit":"","ocean_menu_link_color":"","ocean_menu_link_color_hover":"","ocean_menu_link_color_active":"","ocean_menu_link_background":"","ocean_menu_link_hover_background":"","ocean_menu_link_active_background":"","ocean_menu_social_links_bg":"","ocean_menu_social_hover_links_bg":"","ocean_menu_social_links_color":"","ocean_menu_social_hover_links_color":"","ocean_disable_title":"default","ocean_disable_heading":"default","ocean_post_title":"","ocean_post_subheading":"","ocean_post_title_style":"","ocean_post_title_background_color":"","ocean_post_title_background":0,"ocean_post_title_bg_image_position":"","ocean_post_title_bg_image_attachment":"","ocean_post_title_bg_image_repeat":"","ocean_post_title_bg_image_size":"","ocean_post_title_height":0,"ocean_post_title_bg_overlay":0.5,"ocean_post_title_bg_overlay_color":"","ocean_disable_breadcrumbs":"default","ocean_breadcrumbs_color":"","ocean_breadcrumbs_separator_color":"","ocean_breadcrumbs_links_color":"","ocean_breadcrumbs_links_hover_color":"","ocean_display_footer_widgets":"default","ocean_display_footer_bottom":"default","ocean_custom_footer_template":"0","footnotes":""},"class_list":["post-4650","page","type-page","status-publish","hentry","entry"],"aioseo_notices":[],"_links":{"self":[{"href":"https:\/\/aljf-amberieu.fr\/index.php\/wp-json\/wp\/v2\/pages\/4650","targetHints":{"allow":["GET"]}}],"collection":[{"href":"https:\/\/aljf-amberieu.fr\/index.php\/wp-json\/wp\/v2\/pages"}],"about":[{"href":"https:\/\/aljf-amberieu.fr\/index.php\/wp-json\/wp\/v2\/types\/page"}],"author":[{"embeddable":true,"href":"https:\/\/aljf-amberieu.fr\/index.php\/wp-json\/wp\/v2\/users\/2"}],"replies":[{"embeddable":true,"href":"https:\/\/aljf-amberieu.fr\/index.php\/wp-json\/wp\/v2\/comments?post=4650"}],"version-history":[{"count":26,"href":"https:\/\/aljf-amberieu.fr\/index.php\/wp-json\/wp\/v2\/pages\/4650\/revisions"}],"predecessor-version":[{"id":6261,"href":"https:\/\/aljf-amberieu.fr\/index.php\/wp-json\/wp\/v2\/pages\/4650\/revisions\/6261"}],"wp:attachment":[{"href":"https:\/\/aljf-amberieu.fr\/index.php\/wp-json\/wp\/v2\/media?parent=4650"}],"curies":[{"name":"wp","href":"https:\/\/api.w.org\/{rel}","templated":true}]}}