{"id":4652,"date":"2025-06-24T16:38:42","date_gmt":"2025-06-24T14:38:42","guid":{"rendered":"https:\/\/aljf-amberieu.fr\/?page_id=4652"},"modified":"2026-04-27T19:12:54","modified_gmt":"2026-04-27T17:12:54","slug":"gac-25","status":"publish","type":"page","link":"https:\/\/aljf-amberieu.fr\/index.php\/gac-25\/","title":{"rendered":"GR 25"},"content":{"rendered":"\t\t<div data-elementor-type=\"wp-page\" data-elementor-id=\"4652\" class=\"elementor elementor-4652\">\n\t\t\t\t\t\t<section class=\"elementor-section elementor-top-section elementor-element elementor-element-322d273 elementor-section-boxed elementor-section-height-default elementor-section-height-default\" data-id=\"322d273\" data-element_type=\"section\">\n\t\t\t\t\t\t<div class=\"elementor-container elementor-column-gap-default\">\n\t\t\t\t\t<div class=\"elementor-column elementor-col-100 elementor-top-column elementor-element elementor-element-328852d\" data-id=\"328852d\" data-element_type=\"column\">\n\t\t\t<div class=\"elementor-widget-wrap elementor-element-populated\">\n\t\t\t\t\t\t<div class=\"elementor-element elementor-element-a2ffd06 elementor-widget elementor-widget-text-editor\" data-id=\"a2ffd06\" data-element_type=\"widget\" data-widget_type=\"text-editor.default\">\n\t\t\t\t<div class=\"elementor-widget-container\">\n\t\t\t\t\t\t\t\t\t<p>R\u00e9gion \u00e9quipe<\/p><p>*Coupe Niveau 3: Syana 11 \u00e8me, Hailey 22\u00e8me\u00a0\/43<br \/>*Ruche 2018: \u00c9l\u00e9ana 5\u00e8me \/ 6<br \/>*NAT 10\/11: 3\u00e8me \/ 5<br \/>*DUO NAT 13: E2 4\u00e8me E1 7\u00e8me \/ 8<br \/>*NAT 17: 1\u00e8re \/ 3<br \/>*TFA 10\/11 6\u00e8me \/ 6<br \/>*DUO TFA 13 2\u00e8me \/ 12<br \/>*TFA 17 2\u00e8me \/ 7<br \/>*DUO TFA TC 22\u00e8me \/ 27<br \/>*TFA TC 11\u00e8me \/ 14<\/p><p>R\u00e9gion \u00e9quipe<\/p><p>*DUO REG 7\/9\u00a0: 5 \/ 6<br \/>*REG 7\/9\u00a0: 4 \/ 9<br \/>*DUO REG 13\u00a0: 3 \/ 7<br \/>*TFC 13\u00a0: 2 \/ 14<br \/>*TFC TC\u00a0: 10 \/<\/p><p>Inter D\u00e9partement \u00e9quipe<\/p><p>*Coupe niveau 3: Syana 12\u00e8me et Hailey 14\u00e8me \/ 29<br \/>*Ruche: \u00c9l\u00e9ana 3\u00e8me \/ 4<br \/>*Duo open 13: 1\u00e8re \/ 4<br \/>*TFA 10\/11:4\u00e8me \/ 4<br \/>*Duo TFA 13: 2\u00e8me \/ 4<br \/>*TFA 17: 1\u00e8re \/ 4<br \/>*TFA TC: 3\u00e8me \/ 7<br \/>*Duo TFA TC: 11\u00e8me \/ 13<br \/>*NAT 10\/11: 1\u00e8re \/ 4<br \/>*Duo NAT 13 E1: 1\u00e8re \/ 4<br \/>*Duo NAT E2: 1 et 4\u00e8me\u00a0\/ 6<br \/>*NAT 17: 2\u00e8me \/ 3<\/p><p>Inter D\u00e9partement \u00e9quipe<\/p><p>*DUO REG 7\/9\u00a0: 1\u00e8re\/ 3<br \/>*REG 7\/9\u00a0: 2\u00e8me \/ 5 <br \/>*DUO REG 13\u00a0: 2\u00e8me \/ 5<br \/>*TFC 13\u00a0: 3\u00e8me \/ 7<br \/>*TFC TC\u00a0: 3\u00e8me \/ 5<\/p><p>D\u00e9partement \u00e9quipe<\/p><p>*Syana 1 \u00e8re des CF3 <br \/>*Ma\u00efween 2 \u00e8me des CF2 <br \/>*Eleana en ruche 1\u00e8re<br \/>*DUO OPEN 7\/9 1ere <br \/>*DUO OPEN 13 1ere <br \/>*DUO REG 7\/9 1\u00e8re<br \/>*REG 7\/9 1 \u00e8re <br \/>*DUO REG 13 1\u00e8re <br \/>*TFC 13 3\u00e8me<br \/>*TFC TC 2\u00e8me<br \/>*TFA 10\/11 1\u00e8re<br \/>*DUO TFA 13 1\u00e8re<br \/>*TFA 17 1\u00e8re<br \/>*DUO TFA TC 3\u00e8me<br \/>*TFA TC 2\u00e8me<br \/>*NAT 10\/11 2\u00e8me<br \/>*DUO NAT 13 E1 1\u00e8re <br \/>*DUO NAT 13 E2 2\u00e8me <br \/>*NAT 17 1\u00e8re<\/p><p>France indiv<\/p><p>En f\u00e9d\u00e9ral 11 ans:<br \/>*Jade 7\u00e8me \/ 34<\/p><p>En Nat B 12 ans:<br \/>*Lise 12\u00e8me \/ 21<\/p><p>En Nat C 17 ans:<br \/>*Lyna 6\u00e8me \/ 21<\/p><p>R\u00e9gion indiv<\/p><p>En f\u00e9d\u00e9ral 16\/17 ans:<br \/>*Daria 6\u00e8me \/ 28<br \/>*Estelle 12\u00e8me \/ 28<br \/>*L\u00e9a 24\u00e8me \/ 28<\/p><p>En national C 10\/11 ans:<br \/>*Lou 11\u00e8me \/ 25<\/p><p>En national C 14\/15 ans:<br \/>*Eva 24\u00e8me \/ 26<\/p><p>En national C 16\/17 ans:<br \/>*Lyna 1\u00e8re \/ 26<br \/>*Lola G 6\u00e8me \/ 26<br \/>*Clara Lou 11\u00e8me \/ 26<\/p><p>En national C 18+:<br \/>*Sol\u00e8ne 5\u00e8me \/ 16<\/p><p>En f\u00e9d\u00e9ral 10\/11 ans:<br \/>*Jade 1\u00e8re \/ 30<br \/>*Amina 15\u00e8me \/ 30<br \/>*Anna 22\u00e8me \/ 30<br \/>*Lilou 25\u00e8me \/ 30<\/p><p>En f\u00e9d\u00e9ral 12\/13 ans:<br \/>*Ad\u00e8le 27\u00e8me \/ 30<\/p><p>En f\u00e9d\u00e9ral 14\/15 ans:<br \/>*Jade 10\u00e8me<\/p><p>En national C 12\/13 ans:<br \/>*Saws\u00e8ne 18\u00e8me \/ 28<br \/>*Ronika 25\u00e8me \/ 28<\/p><p>En national B 10 ans:<br \/>*Lia 5\u00e8me \/ 7<br \/>*Charlie 6\u00e8me \/ 7<\/p><p>En national B 11 ans:<br \/>*Aimie 7\u00e8me \/ 12<br \/>*Clarence 8\u00e8me \/ 12<\/p><p>En national B 12\/13 ans:<br \/>*Lise 2\u00e8me \/ 9<br \/>*Lylou 8\u00e8me \/ 9<\/p><p>R\u00e9gion indiv<\/p><p>En nat 8\/9 ans:<br \/>*El\u00e9ana 11 \u00e8me \/ 13<br \/>*Laurine FT<\/p><p>En f\u00e9d\u00e9ral 10\/11 ans:<br \/>*Anna 2 \u00e8me \/ 9<br \/>*Lina 8 \u00e8me \/ 9<\/p><p>En f\u00e9d\u00e9ral 16\/17 ans:<br \/>*L\u00e9a 1 \u00e8re \/ 15<br \/>*Izalyne 13 \u00e8me \/ 15<\/p><p>En f\u00e9d\u00e9ral 18 ans et +:<br \/>*Lola D 24 \u00e8me \/ 36<br \/>*Coupe du Soleil<\/p><p>En Lvl B 2014:<br \/>*Lise: 2\u00e8me G\u00e9n\u00e9rale, 1\u00e8re main libre, 4\u00e8me cerceau<\/p><p>En Lvl B 2013:<br \/>*Lilou: 5\u00e8me G\u00e9n\u00e9rale, 5\u00e8me main libre, 5\u00e8me cerceau<\/p><p>En Fed 2011:<br \/>*Jade: 1\u00e8re<\/p><p>En lvl C 2009:<br \/>*Lyna: 1\u00e8re<br \/>*Sol\u00e8ne: 5\u00e8me<\/p><p>Inter-D\u00e9partement indiv<\/p><p>En f\u00e9d\u00e9ral 12\/13 ans:<br \/>*Ad\u00e8le 10 \u00e8me \/ 27<\/p><p>En f\u00e9d\u00e9ral 14\/15 ans:<br \/>*Jade 5 \u00e8me \/ 23<\/p><p>En national C 12\/13 ans:<br \/>*Saws\u00e8ne 3 \u00e8me \/ 20<br \/>*Ronika 8 \u00e8me \/ 20<br \/>*Zo\u00e9 15 \u00e8me \/ 20<\/p><p>En national C 16\/17 ans:<br \/>*Clara-Lou 3 \u00e8me \/ 20<br \/>*Lyna 4 \u00e8me \/ 20<br \/>*Lola 8 \u00e8me \/ 20<\/p><p>En national B 16\/17 ans:<br \/>*Juliette 5 \u00e8me \/ 6<\/p><p>En f\u00e9d\u00e9ral 10\/11 ans:<br \/>*Jade 3\u00e8me \/ 20<br \/>*Lilou 5\u00e8me \/ 20<br \/>*Amina 10\u00e8me \/ 20<br \/>*Anna 18\u00e8me \/ 20<br \/>*Lina 20\u00e8me \/ 20<\/p><p>En f\u00e9d\u00e9ral 16\/17 ans:<br \/>*Daria 2 \u00e8me \/ 18<br \/>*Estelle 5 \u00e8me \/ 18<br \/>*Izalyne 11 \u00e8me \/ 18<br \/>*L\u00e9a 16 \u00e8me \/ 18<\/p><p>En f\u00e9d\u00e9ral 18 ans et plus:<br \/>*Lola 28\u00e8me \/ 34<\/p><p>En national C 10\/11 ans:<br \/>*Lou 7 \u00e8me \/ 13<\/p><p>En national C 14\/15 ans:<br \/>*Eva 18 \u00e8me \/ 19<\/p><p>En national C 18 ans et plus:<br \/>*Sol\u00e8ne 2 \u00e8me \/ 8<\/p><p>En national 8\/9 ans:<br \/>*\u00c9l\u00e9ana 3 \u00e8me \/ 7<br \/>*Laurine 6 \u00e8me \/ 7<\/p><p>En national 10 ans:<br \/>*Lia 5 \u00e8me \/ 7<br \/>*Charlie 7 \u00e8me \/ 7<\/p><p>En national 11 ans:<br \/>*Clarence 4 \u00e8me \/ 7<br \/>*Aimie 6 \u00e8me \/ 7<\/p><p>En national B 12\/13 ans:<br \/>*Lise 2 \u00e8me \/ 7<br \/>*Lylou 4 \u00e9me \/ 7<\/p><p>D\u00e9partement indiv<\/p><p>En Nat 8\/9 ans:<br \/>*El\u00e9na 1\u00e8re \/ 2<br \/>*Laurine 2\u00e8me \/ 2<\/p><p>En F\u00e9d\u00e9ral 10\/11 ans:<br \/>*Jade 1\u00e8re \/ 7<br \/>*Amina 2\u00e8me \/ 7<br \/>*Lilou 4\u00e8me \/ 7<br \/>*Anna 5\u00e8me \/ 7<br \/>*Lina 7\u00e8me \/ 7<\/p><p>En National C 10\/11 ans:<br \/>*Lou 1\u00e8re \/ 1<\/p><p>En National 10 ans:<br \/>*Lia 1\u00e8re \/ 2<br \/>*Charlie 2\u00e8me \/ 2<\/p><p>En National 11 ans:<br \/>*Aimie 1\u00e8re \/ 2<br \/>*Clarence 2\u00e8me \/ 2<\/p><p>En F\u00e9d\u00e9ral 12\/13:<br \/>*Ad\u00e8le 10\u00e8me \/ 10<\/p><p>En National C 12\/13 ans:<br \/>*Ronika 2\u00e8me \/ 5<br \/>*Zo\u00e9 3\u00e8me \/ 5<br \/>*Saws\u00e8ne 4\u00e8me \/ 5<\/p><p>National B 12\/13 ans:<br \/>*Lylou 1\u00e8re \/ 2<br \/>*Lise 2\u00e8me \/ 2<\/p><p>En F\u00e9d\u00e9ral 14\/15 ans:<br \/>*Jade 1\u00e8re \/ 6<\/p><p>En National C 14\/15 ans:<br \/>*\u00c9va 6\u00e8me \/ 8<\/p><p>En F\u00e9d\u00e9ral 16\/17 ans:<br \/>*Estelle 2\u00e8me \/ 6<br \/>*Izalyne 4\u00e8me \/ 6<br \/>*Daria 5\u00e8me \/ 6<br \/>*L\u00e9a 6\u00e8me \/ 6<\/p><p>En National C 16\/17 ans:<br \/>*Clara-Lou 1\u00e8re \/ 7<br \/>*Lyna 2\u00e8me \/ 7<br \/>*Lola 6\u00e8me \/ 7<\/p><p>En National B 16\/17 ans:<br \/>*Juliette 2\u00e8me \/ 2<\/p><p>En F\u00e9d\u00e9ral 18 ans et plus:<br \/>*Lola 1\u00e8re \/ 11<\/p><p>En National C 18+:<br \/>*Sol\u00e8ne 5\u00e8me \/ 5<\/p>\t\t\t\t\t\t\t\t<\/div>\n\t\t\t\t<\/div>\n\t\t\t\t\t<\/div>\n\t\t<\/div>\n\t\t\t\t\t<\/div>\n\t\t<\/section>\n\t\t\t\t<\/div>\n\t\t","protected":false},"excerpt":{"rendered":"<p>R\u00e9gion \u00e9quipe *Coupe Niveau 3: Syana 11 \u00e8me, Hailey 22\u00e8me\u00a0\/43*Ruche 2018: \u00c9l\u00e9ana 5\u00e8me \/ 6*NAT 10\/11: 3\u00e8me \/ 5*DUO NAT 13: E2 4\u00e8me E1 7\u00e8me \/ 8*NAT 17: 1\u00e8re \/ [&hellip;]<\/p>\n","protected":false},"author":2,"featured_media":0,"parent":0,"menu_order":0,"comment_status":"closed","ping_status":"closed","template":"","meta":{"ocean_post_layout":"","ocean_both_sidebars_style":"","ocean_both_sidebars_content_width":0,"ocean_both_sidebars_sidebars_width":0,"ocean_sidebar":"0","ocean_second_sidebar":"0","ocean_disable_margins":"enable","ocean_add_body_class":"","ocean_shortcode_before_top_bar":"","ocean_shortcode_after_top_bar":"","ocean_shortcode_before_header":"","ocean_shortcode_after_header":"","ocean_has_shortcode":"","ocean_shortcode_after_title":"","ocean_shortcode_before_footer_widgets":"","ocean_shortcode_after_footer_widgets":"","ocean_shortcode_before_footer_bottom":"","ocean_shortcode_after_footer_bottom":"","ocean_display_top_bar":"default","ocean_display_header":"default","ocean_header_style":"","ocean_center_header_left_menu":"0","ocean_custom_header_template":"0","ocean_custom_logo":0,"ocean_custom_retina_logo":0,"ocean_custom_logo_max_width":0,"ocean_custom_logo_tablet_max_width":0,"ocean_custom_logo_mobile_max_width":0,"ocean_custom_logo_max_height":0,"ocean_custom_logo_tablet_max_height":0,"ocean_custom_logo_mobile_max_height":0,"ocean_header_custom_menu":"0","ocean_menu_typo_font_family":"0","ocean_menu_typo_font_subset":"","ocean_menu_typo_font_size":0,"ocean_menu_typo_font_size_tablet":0,"ocean_menu_typo_font_size_mobile":0,"ocean_menu_typo_font_size_unit":"px","ocean_menu_typo_font_weight":"","ocean_menu_typo_font_weight_tablet":"","ocean_menu_typo_font_weight_mobile":"","ocean_menu_typo_transform":"","ocean_menu_typo_transform_tablet":"","ocean_menu_typo_transform_mobile":"","ocean_menu_typo_line_height":0,"ocean_menu_typo_line_height_tablet":0,"ocean_menu_typo_line_height_mobile":0,"ocean_menu_typo_line_height_unit":"","ocean_menu_typo_spacing":0,"ocean_menu_typo_spacing_tablet":0,"ocean_menu_typo_spacing_mobile":0,"ocean_menu_typo_spacing_unit":"","ocean_menu_link_color":"","ocean_menu_link_color_hover":"","ocean_menu_link_color_active":"","ocean_menu_link_background":"","ocean_menu_link_hover_background":"","ocean_menu_link_active_background":"","ocean_menu_social_links_bg":"","ocean_menu_social_hover_links_bg":"","ocean_menu_social_links_color":"","ocean_menu_social_hover_links_color":"","ocean_disable_title":"default","ocean_disable_heading":"default","ocean_post_title":"","ocean_post_subheading":"","ocean_post_title_style":"","ocean_post_title_background_color":"","ocean_post_title_background":0,"ocean_post_title_bg_image_position":"","ocean_post_title_bg_image_attachment":"","ocean_post_title_bg_image_repeat":"","ocean_post_title_bg_image_size":"","ocean_post_title_height":0,"ocean_post_title_bg_overlay":0.5,"ocean_post_title_bg_overlay_color":"","ocean_disable_breadcrumbs":"default","ocean_breadcrumbs_color":"","ocean_breadcrumbs_separator_color":"","ocean_breadcrumbs_links_color":"","ocean_breadcrumbs_links_hover_color":"","ocean_display_footer_widgets":"default","ocean_display_footer_bottom":"default","ocean_custom_footer_template":"0","footnotes":""},"class_list":["post-4652","page","type-page","status-publish","hentry","entry"],"aioseo_notices":[],"_links":{"self":[{"href":"https:\/\/aljf-amberieu.fr\/index.php\/wp-json\/wp\/v2\/pages\/4652","targetHints":{"allow":["GET"]}}],"collection":[{"href":"https:\/\/aljf-amberieu.fr\/index.php\/wp-json\/wp\/v2\/pages"}],"about":[{"href":"https:\/\/aljf-amberieu.fr\/index.php\/wp-json\/wp\/v2\/types\/page"}],"author":[{"embeddable":true,"href":"https:\/\/aljf-amberieu.fr\/index.php\/wp-json\/wp\/v2\/users\/2"}],"replies":[{"embeddable":true,"href":"https:\/\/aljf-amberieu.fr\/index.php\/wp-json\/wp\/v2\/comments?post=4652"}],"version-history":[{"count":48,"href":"https:\/\/aljf-amberieu.fr\/index.php\/wp-json\/wp\/v2\/pages\/4652\/revisions"}],"predecessor-version":[{"id":6230,"href":"https:\/\/aljf-amberieu.fr\/index.php\/wp-json\/wp\/v2\/pages\/4652\/revisions\/6230"}],"wp:attachment":[{"href":"https:\/\/aljf-amberieu.fr\/index.php\/wp-json\/wp\/v2\/media?parent=4652"}],"curies":[{"name":"wp","href":"https:\/\/api.w.org\/{rel}","templated":true}]}}