{"id":4658,"date":"2025-06-24T16:42:52","date_gmt":"2025-06-24T14:42:52","guid":{"rendered":"https:\/\/aljf-amberieu.fr\/?page_id=4658"},"modified":"2026-04-06T10:40:19","modified_gmt":"2026-04-06T08:40:19","slug":"gac-25-2","status":"publish","type":"page","link":"https:\/\/aljf-amberieu.fr\/index.php\/gac-25-2\/","title":{"rendered":"GAC 25"},"content":{"rendered":"\t\t<div data-elementor-type=\"wp-page\" data-elementor-id=\"4658\" class=\"elementor elementor-4658\">\n\t\t\t\t\t\t<section class=\"elementor-section elementor-top-section elementor-element elementor-element-7f24d80 elementor-section-boxed elementor-section-height-default elementor-section-height-default\" data-id=\"7f24d80\" data-element_type=\"section\">\n\t\t\t\t\t\t<div class=\"elementor-container elementor-column-gap-default\">\n\t\t\t\t\t<div class=\"elementor-column elementor-col-100 elementor-top-column elementor-element elementor-element-18b16b0\" data-id=\"18b16b0\" data-element_type=\"column\">\n\t\t\t<div class=\"elementor-widget-wrap elementor-element-populated\">\n\t\t\t\t\t\t<div class=\"elementor-element elementor-element-6131b88 elementor-widget elementor-widget-text-editor\" data-id=\"6131b88\" data-element_type=\"widget\" data-widget_type=\"text-editor.default\">\n\t\t\t\t<div class=\"elementor-widget-container\">\n\t\t\t\t\t\t\t\t\t<p>R\u00e9gion<\/p><p>*DUO TFA :<br \/>&#8211; Ninon et Ad\u00e8le sont 8\u00e8me \/ 18<br \/>&#8211; Loanne et Juliette sont 12\u00e8me \/ 18<br \/>TRIO TFB :<br \/>&#8211; Maylie, Rapha\u00ebl et L\u00e9ana sont 6\u00e8me \/ 8<br \/>*TRIO TFA :<br \/>&#8211; Hannae, Chlo\u00e9 et Axelle sont 11\u00e8me \/ 15<br \/>&#8211; Ylann, D\u00e9linda et El\u00e9anor sont 6 \u00e8me \/ 15<br \/>&#8211; Ma\u00eblle, Fantine et Manon sont 15 \u00e8me \/ 15<br \/>&#8211; Elisa, Elisa et Kelia sont 12\u00e8me \/ 15<br \/>*QUATUOR TFA :<br \/>&#8211; M\u00e9line, Anna, Eva et M\u00e9lodie sont 2\u00e8me \/3<\/p><p>Interdep<\/p><p>*DUO TFA :<br \/>&#8211; Ninon et Ad\u00e8le sont 7\u00e8me \/12<br \/>&#8211; Loanne et Juliette sont 9\u00e8me \/12<br \/>TRIO TFB :<br \/>&#8211; Maylie, Rapha\u00ebl et L\u00e9ana sont 3\u00e8me \/3<br \/>*TRIO TFA :<br \/>&#8211; Hannae, Chlo\u00e9 et Axelle sont 4\u00e8me \/8<br \/>&#8211; Ylann, D\u00e9linda et El\u00e9anor sont 5\u00e8me \/8<br \/>&#8211; Ma\u00eblle, Fantine et Manon sont 7\u00e8me \/8<br \/>&#8211; Elisa, Elisa et Kelia sont 8\u00e8me \/8<br \/>*QUATUOR TFA :<br \/>&#8211; M\u00e9line, Anna, Eva et M\u00e9lodie sont 2\u00e8me \/3<\/p>\t\t\t\t\t\t\t\t<\/div>\n\t\t\t\t<\/div>\n\t\t\t\t\t<\/div>\n\t\t<\/div>\n\t\t\t\t\t<\/div>\n\t\t<\/section>\n\t\t\t\t<\/div>\n\t\t","protected":false},"excerpt":{"rendered":"<p>R\u00e9gion *DUO TFA :&#8211; Ninon et Ad\u00e8le sont 8\u00e8me \/ 18&#8211; Loanne et Juliette sont 12\u00e8me \/ 18TRIO TFB :&#8211; Maylie, Rapha\u00ebl et L\u00e9ana sont 6\u00e8me \/ 8*TRIO TFA :&#8211; [&hellip;]<\/p>\n","protected":false},"author":2,"featured_media":0,"parent":0,"menu_order":0,"comment_status":"closed","ping_status":"closed","template":"","meta":{"ocean_post_layout":"","ocean_both_sidebars_style":"","ocean_both_sidebars_content_width":0,"ocean_both_sidebars_sidebars_width":0,"ocean_sidebar":"0","ocean_second_sidebar":"0","ocean_disable_margins":"enable","ocean_add_body_class":"","ocean_shortcode_before_top_bar":"","ocean_shortcode_after_top_bar":"","ocean_shortcode_before_header":"","ocean_shortcode_after_header":"","ocean_has_shortcode":"","ocean_shortcode_after_title":"","ocean_shortcode_before_footer_widgets":"","ocean_shortcode_after_footer_widgets":"","ocean_shortcode_before_footer_bottom":"","ocean_shortcode_after_footer_bottom":"","ocean_display_top_bar":"default","ocean_display_header":"default","ocean_header_style":"","ocean_center_header_left_menu":"0","ocean_custom_header_template":"0","ocean_custom_logo":0,"ocean_custom_retina_logo":0,"ocean_custom_logo_max_width":0,"ocean_custom_logo_tablet_max_width":0,"ocean_custom_logo_mobile_max_width":0,"ocean_custom_logo_max_height":0,"ocean_custom_logo_tablet_max_height":0,"ocean_custom_logo_mobile_max_height":0,"ocean_header_custom_menu":"0","ocean_menu_typo_font_family":"0","ocean_menu_typo_font_subset":"","ocean_menu_typo_font_size":0,"ocean_menu_typo_font_size_tablet":0,"ocean_menu_typo_font_size_mobile":0,"ocean_menu_typo_font_size_unit":"px","ocean_menu_typo_font_weight":"","ocean_menu_typo_font_weight_tablet":"","ocean_menu_typo_font_weight_mobile":"","ocean_menu_typo_transform":"","ocean_menu_typo_transform_tablet":"","ocean_menu_typo_transform_mobile":"","ocean_menu_typo_line_height":0,"ocean_menu_typo_line_height_tablet":0,"ocean_menu_typo_line_height_mobile":0,"ocean_menu_typo_line_height_unit":"","ocean_menu_typo_spacing":0,"ocean_menu_typo_spacing_tablet":0,"ocean_menu_typo_spacing_mobile":0,"ocean_menu_typo_spacing_unit":"","ocean_menu_link_color":"","ocean_menu_link_color_hover":"","ocean_menu_link_color_active":"","ocean_menu_link_background":"","ocean_menu_link_hover_background":"","ocean_menu_link_active_background":"","ocean_menu_social_links_bg":"","ocean_menu_social_hover_links_bg":"","ocean_menu_social_links_color":"","ocean_menu_social_hover_links_color":"","ocean_disable_title":"default","ocean_disable_heading":"default","ocean_post_title":"","ocean_post_subheading":"","ocean_post_title_style":"","ocean_post_title_background_color":"","ocean_post_title_background":0,"ocean_post_title_bg_image_position":"","ocean_post_title_bg_image_attachment":"","ocean_post_title_bg_image_repeat":"","ocean_post_title_bg_image_size":"","ocean_post_title_height":0,"ocean_post_title_bg_overlay":0.5,"ocean_post_title_bg_overlay_color":"","ocean_disable_breadcrumbs":"default","ocean_breadcrumbs_color":"","ocean_breadcrumbs_separator_color":"","ocean_breadcrumbs_links_color":"","ocean_breadcrumbs_links_hover_color":"","ocean_display_footer_widgets":"default","ocean_display_footer_bottom":"default","ocean_custom_footer_template":"0","footnotes":""},"class_list":["post-4658","page","type-page","status-publish","hentry","entry"],"aioseo_notices":[],"_links":{"self":[{"href":"https:\/\/aljf-amberieu.fr\/index.php\/wp-json\/wp\/v2\/pages\/4658","targetHints":{"allow":["GET"]}}],"collection":[{"href":"https:\/\/aljf-amberieu.fr\/index.php\/wp-json\/wp\/v2\/pages"}],"about":[{"href":"https:\/\/aljf-amberieu.fr\/index.php\/wp-json\/wp\/v2\/types\/page"}],"author":[{"embeddable":true,"href":"https:\/\/aljf-amberieu.fr\/index.php\/wp-json\/wp\/v2\/users\/2"}],"replies":[{"embeddable":true,"href":"https:\/\/aljf-amberieu.fr\/index.php\/wp-json\/wp\/v2\/comments?post=4658"}],"version-history":[{"count":13,"href":"https:\/\/aljf-amberieu.fr\/index.php\/wp-json\/wp\/v2\/pages\/4658\/revisions"}],"predecessor-version":[{"id":6194,"href":"https:\/\/aljf-amberieu.fr\/index.php\/wp-json\/wp\/v2\/pages\/4658\/revisions\/6194"}],"wp:attachment":[{"href":"https:\/\/aljf-amberieu.fr\/index.php\/wp-json\/wp\/v2\/media?parent=4658"}],"curies":[{"name":"wp","href":"https:\/\/api.w.org\/{rel}","templated":true}]}}