{"id":926,"date":"2023-07-24T15:16:56","date_gmt":"2023-07-24T13:16:56","guid":{"rendered":"https:\/\/aljf-amberieu.fr\/?page_id=926"},"modified":"2025-06-03T15:54:58","modified_gmt":"2025-06-03T13:54:58","slug":"ladhesion","status":"publish","type":"page","link":"https:\/\/aljf-amberieu.fr\/index.php\/ladhesion\/","title":{"rendered":"L&rsquo;adh\u00e9sion"},"content":{"rendered":"\t\t<div data-elementor-type=\"wp-page\" data-elementor-id=\"926\" class=\"elementor elementor-926\">\n\t\t\t\t\t\t<section class=\"elementor-section elementor-top-section elementor-element elementor-element-615021b elementor-section-boxed elementor-section-height-default elementor-section-height-default\" data-id=\"615021b\" data-element_type=\"section\">\n\t\t\t\t\t\t<div class=\"elementor-container elementor-column-gap-default\">\n\t\t\t\t\t<div class=\"elementor-column elementor-col-100 elementor-top-column elementor-element elementor-element-880ae49\" data-id=\"880ae49\" data-element_type=\"column\">\n\t\t\t<div class=\"elementor-widget-wrap elementor-element-populated\">\n\t\t\t\t\t\t<div class=\"elementor-element elementor-element-9c374eb elementor-widget elementor-widget-text-editor\" data-id=\"9c374eb\" data-element_type=\"widget\" data-widget_type=\"text-editor.default\">\n\t\t\t\t<div class=\"elementor-widget-container\">\n\t\t\t\t\t\t\t\t\t<p style=\"font-variant-ligatures: normal; font-variant-caps: normal; font-family: 'Open Sans', sans-serif; font-size: 14px; font-style: normal; font-weight: 400; text-align: justify;\"><span style=\"font-size: 14px; font-weight: 600;\"><span style=\"font-size: 14px; font-weight: 600;\"><u style=\"font-size: 14px;\">El\u00e9ments nouveaux pour l\u2019inscription saison 2025-2026&nbsp;<\/u><\/span><\/span><\/p>\n<p style=\"font-variant-ligatures: normal; font-variant-caps: normal; font-family: &quot;Open Sans&quot;, sans-serif; font-size: 14px; font-style: normal; font-weight: 400;\">Les phases de pr\u00e9-inscriptions pour&nbsp;<span style=\"font-size: 14px; font-weight: 600;\"><u style=\"font-size: 14px;\">les anciens adh\u00e9rents<\/u><\/span>&nbsp;seront ouvertes du&nbsp;<span style=\"font-size: 14px; font-weight: 600;\">26 mai au 15 juin<\/span>. Pour les groupes \u00ab&nbsp;comp\u00e9tition&nbsp;\u00bb, la place est r\u00e9serv\u00e9e durant ces 3 semaines sur le groupe transmis par votre entraineur actuel. Vous ne pourrez pas les inscrire sur un autre groupe comp\u00e9tition.<\/p>\n<p style=\"font-variant-ligatures: normal; font-variant-caps: normal; font-family: &quot;Open Sans&quot;, sans-serif; font-size: 14px; font-style: normal; font-weight: 400;\">Pour&nbsp;<span style=\"font-size: 14px; font-weight: 600;\"><u style=\"font-size: 14px;\">les nouveaux adh\u00e9rents<\/u><\/span><u style=\"font-size: 14px;\">,<\/u>&nbsp;la phase d\u2019inscription d\u00e9butera le&nbsp;<span style=\"font-size: 14px; font-weight: 600;\">16 juin \u00e0 partir de 8h.<\/span><\/p>\n<p style=\"font-variant-ligatures: normal; font-variant-caps: normal; font-family: &quot;Open Sans&quot;, sans-serif; font-size: 14px; font-style: normal; font-weight: 400;\">Nous attirons votre attention sur le protocole de r\u00e9-inscription :&nbsp;<span style=\"font-size: 14px; font-weight: 600;\">tout dossier INCOMPLET au 16 juin ne sera pas pris en compte et la place de votre enfant est lib\u00e9r\u00e9e<\/span>. Un dossier complet est un dossier avec le fichier d\u2019inscription compl\u00e9t\u00e9, questionnaire m\u00e9dical rempli et r\u00e8glement complet (ch\u00e8ques d\u2019\u00e9talement, ch\u00e8que d\u2019acompte).<\/p>\n<ul style=\"font-variant-ligatures: normal; font-variant-caps: normal; font-family: &quot;Open Sans&quot;, sans-serif; font-size: 14px; font-style: normal; font-weight: 400;\">\n<li style=\"font-size: 14px;\">2 permanences pour la&nbsp;<u style=\"font-size: 14px;\">1<span style=\"line-height: 0; font-size: 10.5px; position: relative; top: -0.5em;\">\u00e8re&nbsp;<\/span>phase<\/u>&nbsp;au gymnase Belli\u00e8vre sont \u00e0 votre disposition pour apporter vos paiements (ch\u00e8que, esp\u00e8ce, ANCV, \u2026) &#8211;&gt; Le 11 et 12 juin de 18h jusqu\u2019\u00e0 20h<\/li>\n<\/ul>\n<ul style=\"font-variant-ligatures: normal; font-variant-caps: normal; font-family: &quot;Open Sans&quot;, sans-serif; font-size: 14px; font-style: normal; font-weight: 400;\">\n<li style=\"font-size: 14px;\">4 permanences pour la&nbsp;<u style=\"font-size: 14px;\">2<span style=\"line-height: 0; font-size: 10.5px; position: relative; top: -0.5em;\">e<\/span>&nbsp;phase<\/u>&nbsp;au gymnase Belli\u00e8vre sont \u00e0 votre disposition pour apporter vos paiements (ch\u00e8que, esp\u00e8ce, ANCV, \u2026) &#8211;&gt; Le 30 juin et 1, 2 et 3 juillet de 18h jusqu\u2019\u00e0 20h<\/li>\n<\/ul>\n<p style=\"font-variant-ligatures: normal; font-variant-caps: normal; font-family: &quot;Open Sans&quot;, sans-serif; font-size: 14px; font-style: normal; font-weight: 400;\"><span style=\"font-variant-ligatures: normal; font-variant-caps: normal; font-family: &quot;Open Sans&quot;, sans-serif; font-size: 14px; font-style: normal; font-weight: 400; text-align: justify;\">Concernant les inscriptions (et les pr\u00e9-inscriptions), elles se font exclusivement sur notre plateforme&nbsp;<\/span><a href=\"https:\/\/aljf-amberieu.comiti-sport.fr\/\" style=\"font-variant-ligatures: normal; font-variant-caps: normal; font-family: &quot;Open Sans&quot;, sans-serif; font-size: 14px; font-style: normal; font-weight: 400; background-color: rgb(255, 255, 255); transition-property: all; text-align: justify;\">COMITI ALJF<\/a><span style=\"font-variant-ligatures: normal; font-variant-caps: normal; font-family: &quot;Open Sans&quot;, sans-serif; font-size: 14px; font-style: normal; font-weight: 400; text-align: justify;\">&nbsp;Ce syst\u00e8me d\u2019inscription fonctionne comme un site de commande en ligne :<\/span><\/p>\n<ul style=\"font-variant-ligatures: normal; font-variant-caps: normal; font-family: &quot;Open Sans&quot;, sans-serif; font-size: 14px; font-style: normal; font-weight: 400; text-align: justify;\">\n<li style=\"font-size: 14px; font-weight: 400;\">Cr\u00e9ez votre compte si vous \u00eates nouvel adh\u00e9rent<\/li>\n<li style=\"font-size: 14px; font-weight: 400;\">Ajoutez vos enfants \u00e0 votre PROFIL<\/li>\n<li style=\"font-size: 14px; font-weight: 400;\">S\u00e9lectionnez l\u2019activit\u00e9<\/li>\n<li style=\"font-size: 14px; font-weight: 400;\">R\u00e9pondez au questionnaire<\/li>\n<li style=\"font-size: 14px; font-weight: 400;\">Validez votre panier<\/li>\n<\/ul>\n<p style=\"font-variant-ligatures: normal; font-variant-caps: normal; font-family: &quot;Open Sans&quot;, sans-serif; font-size: 14px; font-style: normal; font-weight: 400; text-align: justify;\">Une fois saisies et enregistr\u00e9es en ligne, vos&nbsp;<span style=\"font-size: 14px; font-weight: 600;\">inscriptions&nbsp;seront contr\u00f4l\u00e9es par le club&nbsp;<\/span>qui les validera d\u00e9finitivement apr\u00e8s s\u2019\u00eatre assur\u00e9 que :<\/p>\n<ul style=\"font-variant-ligatures: normal; font-variant-caps: normal; font-family: &quot;Open Sans&quot;, sans-serif; font-size: 14px; font-style: normal; font-weight: 400; text-align: justify;\">\n<li style=\"font-size: 14px;\">Toutes les&nbsp;<u style=\"font-size: 14px;\">informations n\u00e9cessaires<\/u>&nbsp;sont renseign\u00e9es<\/li>\n<li style=\"font-size: 14px;\"><a href=\"http:\/\/aljf-amberieu.fr\/wp-content\/uploads\/2024\/06\/Questionnaire-de-sante.pdf\" style=\"font-size: 14px; transition-property: all;\">Le&nbsp;<u style=\"font-size: 14px;\">questionnaire de sant\u00e9 ou le certificat m\u00e9dical<\/u><\/a>&nbsp;est conforme<\/li>\n<li style=\"font-size: 14px;\">Le&nbsp;<u style=\"font-size: 14px;\">r\u00e8glement<\/u>&nbsp;:<br><ul style=\"font-variant-ligatures: normal; font-variant-caps: normal; font-family: &quot;Open Sans&quot;, sans-serif; font-size: 14px; font-style: normal; font-weight: 400;\">\n<li style=\"font-size: 14px;\">&nbsp;La totalit\u00e9 en CB le jour de l&rsquo;inscription<\/li>\n<li style=\"font-size: 14px;\">Un \u00e9chelonnement en CB en 3x \u00e0 partir du jour d&rsquo;inscription<\/li>\n<li style=\"font-size: 14px;\">Un r\u00e8glement en 3x par ch\u00e8ques (encaiss\u00e9s en octobre, novembre et d\u00e9cembre)<\/li>\n<li style=\"font-size: 14px;\">Paiement par ch\u00e8que ANCV, pass-sport, ch\u00e8que jeune 01: un ch\u00e8que de cautions vous sera demand\u00e9 tout de suite et rendu: d\u00e9truit quand vous nous aurez fait parvenir ceux-ci.<\/li>\n<\/ul>\n<\/li>\n<\/ul>\n<p style=\"font-variant-ligatures: normal; font-variant-caps: normal; font-family: &quot;Open Sans&quot;, sans-serif; font-size: 14px; font-style: normal; font-weight: 400; text-align: justify;\"><u style=\"font-size: 14px;\">Les \u00e9l\u00e9ments financiers (ch\u00e8ques) peuvent \u00eatre remis sous enveloppe avec le nom et pr\u00e9nom de l&rsquo;enfant \u00e0 son entraineur. Il y aura \u00e9galement une permanence au gymnase Belli\u00e8vre le 11 et 12 juin \u00e0 partir de 18H.<\/u><\/p>\t\t\t\t\t\t\t\t<\/div>\n\t\t\t\t<\/div>\n\t\t\t\t\t<\/div>\n\t\t<\/div>\n\t\t\t\t\t<\/div>\n\t\t<\/section>\n\t\t\t\t<section class=\"elementor-section elementor-top-section elementor-element elementor-element-5927f23 elementor-section-boxed elementor-section-height-default elementor-section-height-default\" data-id=\"5927f23\" data-element_type=\"section\">\n\t\t\t\t\t\t<div class=\"elementor-container elementor-column-gap-default\">\n\t\t\t\t\t<div class=\"elementor-column elementor-col-100 elementor-top-column elementor-element elementor-element-1beeb3b\" data-id=\"1beeb3b\" data-element_type=\"column\">\n\t\t\t<div class=\"elementor-widget-wrap elementor-element-populated\">\n\t\t\t\t\t\t<div class=\"elementor-element elementor-element-16f68ef elementor-widget elementor-widget-text-editor\" data-id=\"16f68ef\" data-element_type=\"widget\" data-widget_type=\"text-editor.default\">\n\t\t\t\t<div class=\"elementor-widget-container\">\n\t\t\t\t\t\t\t\t\t<p style=\"text-align: center;\">Inscriptions : Les inscriptions sont ouvertes \u00e0 tous.<\/p><p>Pour le faire, il faut aller sur un site d\u00e9di\u00e9 :<\/p><h2 style=\"font-variant-ligatures: normal; font-variant-caps: normal; font-family: 'Open Sans', sans-serif; font-style: normal; background-color: rgba(45, 85, 90, 0.11);\"><span style=\"font-size: 20px; color: #0000ff;\"><a style=\"font-size: 14px; background-color: #ffffff; color: #0000ff;\" href=\"https:\/\/aljf-amberieu.comiti-sport.fr\/\" target=\"_blank\" rel=\"noopener\"><span style=\"font-size: 14px; font-weight: bold;\">https:\/\/aljf-amberieu.comiti-sport.fr\/<\/span><\/a><\/span><\/h2>\t\t\t\t\t\t\t\t<\/div>\n\t\t\t\t<\/div>\n\t\t\t\t\t<\/div>\n\t\t<\/div>\n\t\t\t\t\t<\/div>\n\t\t<\/section>\n\t\t\t\t<\/div>\n\t\t","protected":false},"excerpt":{"rendered":"<p>El\u00e9ments nouveaux pour l\u2019inscription saison 2025-2026&nbsp; Les phases de pr\u00e9-inscriptions pour&nbsp;les anciens adh\u00e9rents&nbsp;seront ouvertes du&nbsp;26 mai au 15 juin. Pour les groupes \u00ab&nbsp;comp\u00e9tition&nbsp;\u00bb, la place est r\u00e9serv\u00e9e durant ces 3 [&hellip;]<\/p>\n","protected":false},"author":1,"featured_media":0,"parent":0,"menu_order":0,"comment_status":"closed","ping_status":"closed","template":"","meta":{"ocean_post_layout":"","ocean_both_sidebars_style":"","ocean_both_sidebars_content_width":0,"ocean_both_sidebars_sidebars_width":0,"ocean_sidebar":"0","ocean_second_sidebar":"0","ocean_disable_margins":"enable","ocean_add_body_class":"","ocean_shortcode_before_top_bar":"","ocean_shortcode_after_top_bar":"","ocean_shortcode_before_header":"","ocean_shortcode_after_header":"","ocean_has_shortcode":"","ocean_shortcode_after_title":"","ocean_shortcode_before_footer_widgets":"","ocean_shortcode_after_footer_widgets":"","ocean_shortcode_before_footer_bottom":"","ocean_shortcode_after_footer_bottom":"","ocean_display_top_bar":"default","ocean_display_header":"default","ocean_header_style":"","ocean_center_header_left_menu":"0","ocean_custom_header_template":"0","ocean_custom_logo":0,"ocean_custom_retina_logo":0,"ocean_custom_logo_max_width":0,"ocean_custom_logo_tablet_max_width":0,"ocean_custom_logo_mobile_max_width":0,"ocean_custom_logo_max_height":0,"ocean_custom_logo_tablet_max_height":0,"ocean_custom_logo_mobile_max_height":0,"ocean_header_custom_menu":"0","ocean_menu_typo_font_family":"0","ocean_menu_typo_font_subset":"","ocean_menu_typo_font_size":0,"ocean_menu_typo_font_size_tablet":0,"ocean_menu_typo_font_size_mobile":0,"ocean_menu_typo_font_size_unit":"px","ocean_menu_typo_font_weight":"","ocean_menu_typo_font_weight_tablet":"","ocean_menu_typo_font_weight_mobile":"","ocean_menu_typo_transform":"","ocean_menu_typo_transform_tablet":"","ocean_menu_typo_transform_mobile":"","ocean_menu_typo_line_height":0,"ocean_menu_typo_line_height_tablet":0,"ocean_menu_typo_line_height_mobile":0,"ocean_menu_typo_line_height_unit":"","ocean_menu_typo_spacing":0,"ocean_menu_typo_spacing_tablet":0,"ocean_menu_typo_spacing_mobile":0,"ocean_menu_typo_spacing_unit":"","ocean_menu_link_color":"","ocean_menu_link_color_hover":"","ocean_menu_link_color_active":"","ocean_menu_link_background":"","ocean_menu_link_hover_background":"","ocean_menu_link_active_background":"","ocean_menu_social_links_bg":"","ocean_menu_social_hover_links_bg":"","ocean_menu_social_links_color":"","ocean_menu_social_hover_links_color":"","ocean_disable_title":"default","ocean_disable_heading":"default","ocean_post_title":"","ocean_post_subheading":"","ocean_post_title_style":"","ocean_post_title_background_color":"","ocean_post_title_background":0,"ocean_post_title_bg_image_position":"","ocean_post_title_bg_image_attachment":"","ocean_post_title_bg_image_repeat":"","ocean_post_title_bg_image_size":"","ocean_post_title_height":0,"ocean_post_title_bg_overlay":0.5,"ocean_post_title_bg_overlay_color":"","ocean_disable_breadcrumbs":"default","ocean_breadcrumbs_color":"","ocean_breadcrumbs_separator_color":"","ocean_breadcrumbs_links_color":"","ocean_breadcrumbs_links_hover_color":"","ocean_display_footer_widgets":"default","ocean_display_footer_bottom":"default","ocean_custom_footer_template":"0","footnotes":""},"class_list":["post-926","page","type-page","status-publish","hentry","entry"],"aioseo_notices":[],"_links":{"self":[{"href":"https:\/\/aljf-amberieu.fr\/index.php\/wp-json\/wp\/v2\/pages\/926","targetHints":{"allow":["GET"]}}],"collection":[{"href":"https:\/\/aljf-amberieu.fr\/index.php\/wp-json\/wp\/v2\/pages"}],"about":[{"href":"https:\/\/aljf-amberieu.fr\/index.php\/wp-json\/wp\/v2\/types\/page"}],"author":[{"embeddable":true,"href":"https:\/\/aljf-amberieu.fr\/index.php\/wp-json\/wp\/v2\/users\/1"}],"replies":[{"embeddable":true,"href":"https:\/\/aljf-amberieu.fr\/index.php\/wp-json\/wp\/v2\/comments?post=926"}],"version-history":[{"count":43,"href":"https:\/\/aljf-amberieu.fr\/index.php\/wp-json\/wp\/v2\/pages\/926\/revisions"}],"predecessor-version":[{"id":4559,"href":"https:\/\/aljf-amberieu.fr\/index.php\/wp-json\/wp\/v2\/pages\/926\/revisions\/4559"}],"wp:attachment":[{"href":"https:\/\/aljf-amberieu.fr\/index.php\/wp-json\/wp\/v2\/media?parent=926"}],"curies":[{"name":"wp","href":"https:\/\/api.w.org\/{rel}","templated":true}]}}